, 10 = 2*o - 7*o. What is q(d)?
14
Let c(s) = s - 9. Let f be c(12). Let t(h) = -3 + f - h + 3 + 2*h. Calculate t(-3).
0
Let v(t) = 2*t**3 + 16*t**2 + 9*t + 8. Let k(y) = -y**3 - 8*y**2 - 5*y - 4. Let p(h) = 5*k(h) + 2*v(h). Give p(-7).
-4
Let z(f) be the third derivative of f**5/60 - f**4/12 - f**3/3 - f**2. Calculate z(4).
6
Let g(t) be the second derivative of t**4/12 + t**3 + t. Give g(-4).
-8
Let m(i) be the second derivative of i + 1/20*i**5 - 1/6*i**3 + 0 - 5/12*i**4 + i**2. Calculate m(5).
-3
Let z be ((-4)/(-6))/((-3)/(-9)). Suppose 0*b + z*b = 0. Let n(w) = 2 - 3*w + b*w**2 + 4*w - w**2. Give n(3).
-4
Let i(k) = -2*k. Suppose 85 = -7*x - 10*x. Determine i(x).
10
Let b(i) be the third derivative of -1/12*i**5 + 0*i + i**2 - 1/120*i**6 + 1/6*i**4 + 0 - i**3. Let z be 16/(-3) + (-4)/6. Calculate b(z).
6
Suppose i = 3*i - 8. Suppose i*f + 6 + 2 = 0. Let r(g) be the first derivative of -g**4/4 - 2*g**3/3 + 3*g**2/2 + g - 1. Calculate r(f).
-5
Let c(y) = 22*y**3 - y. Let i(v) = 3*v - 14. Let h be i(5). Determine c(h).
21
Let l(n) = -n**2 + 4*n - 1. Let b(t) = 6*t**2 - 20*t + 5. Let k(d) = 2*b(d) + 11*l(d). Determine k(-3).
-4
Let y(r) = -r - 2. Let b be y(0). Let c(n) = -8 - 10 - 2*n**2 - 2*n + n**3 + 20. Give c(b).
-10
Let c(g) = -5*g - g - g**2 - 215 + 5*g + 216. Suppose 0 = 6*p - 5*p + 2. What is c(p)?
-1
Let k = 8 + -13. Let o = -3 - k. Suppose 18 = 4*p + o*u, 4*u = -4*p - 0*u + 20. Let m(w) = w - 5. Determine m(p).
-1
Let c be (-2)/(-4)*1*2. Let y(h) = -h**3 + h**2 - h + 1. Give y(c).
0
Let z = 12 + -12. Suppose z = -6*a + a - 10. Let y(g) = 9*g + 3. Determine y(a).
-15
Let v(x) = -3*x**3 + 2*x**3 + x - x**3 + 1 + 0*x**3 + 2*x**2. Let j(i) = 4*i. Let t be j(1). Suppose 5*d + t = -6, 0 = y + 4*d + 6. Determine v(y).
-5
Let r(x) = x**2 + 12*x - 22*x - 2 + 12*x. Determine r(4).
22
Let u(o) = o. Let j = -53 + 48. What is u(j)?
-5
Suppose -6 = -5*o + 14. Let z(n) = n**2 - 10*n + 6. Determine z(o).
-18
Let z be (15 - 0)*8/(-12). Let w(c) = -c**3 - 10*c**2 + c + 12. Let q be w(z). Let p(n) = 9*n - 3. Give p(q).
15
Let o(n) = -2*n + 4. Let u(r) = -5*r. Let d(b) = b**2 - 7*b - 1. Let m be d(7). Let f be u(m). Calculate o(f).
-6
Let x be (-5)/(-3) - 4/6. Let t(g) = -g**3 + 4*g**2 - 3*g + 6. Let f be t(4). Let n be (3/x)/(9/f). Let k(o) = o**3 + 2*o**2 - 1. What is k(n)?
-1
Let c be 202/14 - (-3)/(-7). Suppose -5*s + c - 1 = 4*z, -5*s = -2*z - 1. Let y(j) = -1 - 3*j + 4 - z + 0. Give y(-3).
10
Suppose 0 = j + j + 24. Let q = j - -17. Suppose 2*v - 14 = 3*u, 4*u - 9*u - q*v - 15 = 0. Let i(l) = l**2 + 4*l + 2. Give i(u).
2
Let i(p) = -7*p**3 + 11*p**2 + 7*p - 16. Let m(l) = -20*l**3 + 33*l**2 + 20*l - 47. Let j(a) = 17*i(a) - 6*m(a). Give j(11).
-1
Let l be (-4)/12 - (-48)/9. Let i(u) = u**2 - 4*u + 6. Let t(x) = x. Let g(a) = i(a) - 2*t(a). Let j be g(l). Let m(y) = -5*y. Give m(j).
-5
Let p be 1/4*16/4. Let r(c) = -c + c + c - 3 + p. Calculate r(4).
2
Let n(p) be the first derivative of 5*p**2/2 + 3. Let c(q) = -4*q. Let j be (8/10)/((-3)/(-15)). Let t(v) = j*c(v) + 3*n(v). What is t(-4)?
4
Let c(k) = 7*k**2 + k**3 - 1 + 4 + 17*k - 11*k. Determine c(-6).
3
Suppose 33 = -3*g - 0*g. Let o(w) = w - 2. Let m(q) = -6*q + 10. Let r(h) = g*o(h) - 2*m(h). What is r(-3)?
-1
Let a(o) = o**3 + 8*o**2 + o + 1. Let i(q) = -q**3 - 9*q**2 - q - 1. Suppose -3 = 3*h + 18. Let m(n) = h*a(n) - 6*i(n). What is m(-3)?
11
Let t(h) be the third derivative of h**4/6 + h**3/2 + 5*h**2. Let c(s) = 3*s + 2. Let y(i) = 5*c(i) - 4*t(i). Let m be 4/(-2)*5/(-2). Give y(m).
-7
Let g be 3/(1 - 4/16). Let p(o) = o**2 - 7*o + 6. What is p(g)?
-6
Let w = -2/19947 + 24393/132980. Let q(i) be the third derivative of 0*i - i**2 - w*i**5 + 0 + 0*i**3 + 1/24*i**4. Calculate q(1).
-10
Let k(r) = r**3 + 5*r**2 - 2*r - 4. Let n be k(-5). Let a be (9/6)/((-3)/n). Let f(p) = p**3 + p**2 - 4*p. What is f(a)?
-6
Let d(j) = -j - 9. Let h be d(-13). Let l(r) = r**2 - 2*r - 2. Determine l(h).
6
Let b(g) = -g**2 - 15*g - 18. Let q be b(-14). Let y(m) = m**2 + 5*m - 2. Give y(q).
-6
Suppose -2*y + 5*o = -2, 5*o = y - 1 + 5. Let t(k) = -3*k + 1 + k**2 + 4*k - y + 6. Let q = 2 - 2. Calculate t(q).
1
Let s(m) = m**3 - 4*m**2. Suppose 2*f - 3*f = -1. Let o = f - -2. Determine s(o).
-9
Let r(x) = 1 + 5*x**2 - 2 - 9*x + 4*x**3 + 2*x. Suppose -m = -19 + 12. Let h(j) = j**3 + 2*j**2 - 2*j. Let l(k) = m*h(k) - 2*r(k). What is l(4)?
2
Let h(p) = -7*p + 65 - 65. Suppose 0*j + 5*j + 5 = 0. Calculate h(j).
7
Let w(y) = -y - 1. Let z = -12 - -11. Let d(s) = 3*s**2 - 5*s - 4. Let f(a) = z*d(a) + 3*w(a). Calculate f(-1).
-4
Let c(q) = q**2 - 7*q + 9. Let x be (-200)/(-28) + 1/(-7). Give c(x).
9
Let l(i) be the second derivative of i**5/20 - 5*i**4/12 - 7*i**3/6 - i**2 - 48*i. Calculate l(6).
-8
Let n(d) = d - 2. Let t(r) = -3*r + 7. Let u(a) = -9*n(a) - 2*t(a). Calculate u(5).
-11
Let s(n) = -3*n + 29. Let w(a) = -a - 12. Let m(x) = 5*x + 49. Let u(o) = -2*m(o) - 9*w(o). Let b(p) = -3*s(p) + 8*u(p). Give b(0).
-7
Let f be 3/((-9)/(-3)) - 1. Suppose -g - c + 8 = -2*c, -g + 5*c + 28 = f. Let w(p) = -p + 3. Determine w(g).
0
Let c(t) = 3*t - 2. Suppose 2 = 3*i - w, 3*i - 5*w - 10 = -i. Let o = i - -3. What is c(o)?
7
Let z be (4/(-6))/((-2)/(-6)). Let o be (-1)/((-4)/z)*-2. Let t(n) = -4*n - 3*n**2 - o + 0*n - n + 4*n**2. Give t(5).
-1
Suppose 3*n + 26 = 17. Let s(d) = -4*d - 4. Determine s(n).
8
Let n(t) = t**2 - 2*t + 1. Let x be n(3). Let d(o) = -x + 4*o + 5*o + 3. Calculate d(1).
8
Let a(p) = p + 4. Suppose -l = -5*m - 4*l + 5, -m - 21 = 5*l. Suppose -m*h - 15 - 5 = 0. What is a(h)?
-1
Let g(u) = u**3 - 16*u**2 + u - 14. Let i be g(16). Let t(y) be the second derivative of -1/6*y**3 + y**i + 0 - 1/12*y**4 + 3*y + 1/20*y**5. Determine t(2).
4
Let v(j) be the second derivative of -j**4/12 + 2*j**3/3 + 2*j**2 + 3*j - 8. Determine v(-4).
-28
Let s(u) = -2*u**3 - 14*u**2 - 14*u - 25. Let k(c) = -c**3 - 7*c**2 - 7*c - 13. Let l(f) = -7*k(f) + 4*s(f). Let r = 13 + -19. Determine l(r).
-3
Let b be (-12)/30 - 48/5. Let d = b + 10. Let h(j) = -3*j - 13. Let i(x) = 4*x + 19. Let u(o) = -7*h(o) - 5*i(o). Calculate u(d).
-4
Let z(f) = -f + 15 + 3*f - 12 - f**2. What is z(3)?
0
Let f(a) = 273*a**2 - 1 - 274*a**2 + 7 + 5*a. Calculate f(5).
6
Let y(z) = z + 1. Let k be y(1). Let g(t) = 10*t**3 - 3*t**2 + t**2 + t**k. Suppose 5*j + 11 = 2*s - 3*s, -3*s + 5 = -4*j. Give g(s).
-11
Suppose z + k + 1 = 0, 3*k + 7 = z + 8. Let t(y) = -16*y + 1. Give t(z).
17
Suppose -23 = -3*u - 2*q, u + 0*u - 13 = -2*q. Let n(k) = 7*k + 14. Let p(b) = 1 + 3*b - 1 + 7. Let h(i) = u*p(i) - 2*n(i). Calculate h(-3).
4
Let b(m) = 3*m**2 + 12*m + 6. Let x(j) = 7*j**2 + 25*j + 13. Let s(n) = -9*b(n) + 4*x(n). Determine s(5).
-17
Let h = 4 - -1. Let a(q) be the second derivative of -q**6/360 + q**5/20 - q**4/24 - 2*q**3/3 + 2*q. Let z(d) be the second derivative of a(d). Give z(h).
4
Let k(z) = -z - 1. Let q be k(-4). Suppose 4*h = q*h + 5. Let d(u) = u**2 - 3*u - 2. Give d(h).
8
Let n = 6 - 13. Let o(k) = -5 + 7*k + 6*k**3 - k + 2*k**3. Let i(j) = 7*j**3 + 5*j - 4. Let p(r) = n*i(r) + 6*o(r). Determine p(0).
-2
Let x(v) be the first derivative of v**4/4 - 4*v**3/3 - 3*v**2 + 2*v - 52. Calculate x(5).
-3
Let d(g) = 16*g**2 + 31*g + 21. Let w(o) = -3*o**2 - 6*o - 4. Suppose -3*k + 4*v = -18 - 3, 5*k - 64 = -3*v. Let n(f) = k*w(f) + 2*d(f). Determine n(-3).
1
Let g(x) = -4*x + 2 - x - 3*x + 7*x. Give g(2).
0
Let p(u) = -2*u - 3. Let k be p(-6). Let g(r) = r - 5. What is g(k)?
4
Let s(f) = f**3 - 2*f**2 + 6*f - 2. Let g(a) = a**2 + a. Let p(c) = 3*g(c) - s(c). Let i = 1 - -2. What is p(i)?
11
Let x be ((-5)/6)/((-105)/84). Let o(b) be the first derivative of 2 + 5/2*b**2 - x*b**3 + b. Give o(4).
-11
Let g(w) = -3*w - 1. Let x(b) = -b - 8. Let c be x(-11). Suppose 4*r = -9 - c. What is g(r)?
8
Let m(o) = o**3 - 3*o**2 + 2*o - 1. Let l(d) = -d**3 + 7*d**2 + d - 1. Let h be l(7). Suppose u - h = 4*v + 7, 3*u = 15. Let s = v + 3. Calculate m(s).
-1
Let l(o) = -o**2 + 8*o + 2. Let z be l(9). Let u(c) = c**2 + 7*c + 5. Calculate u(z).
5
Let z(r) = -8*r**2 + 5*r - 4. Let f(l) = 9*l**2 - 6*l + 5. Let k(m) = 4*f(m) + 5*z(m). What is k(1)?
-3
Let m(y) = 11 - 8 - 3*y - 8 + y**2 - 1. Give m(5).
4
Suppose 0 = 4*y - 5*y - 3. Let l(g) = -2*g - 4. Give l(y).
2
Let b = -